{"id":800,"date":"2012-12-08T11:03:30","date_gmt":"2012-12-08T09:03:30","guid":{"rendered":"http:\/\/www.dfjuenemann.de\/tap\/?page_id=800"},"modified":"2015-01-04T18:04:23","modified_gmt":"2015-01-04T16:04:23","slug":"grundliche-entwurmung-von-welpen","status":"publish","type":"page","link":"http:\/\/www.dfjuenemann.de\/tap\/?page_id=800","title":{"rendered":"Gr\u00fcndliche Entwurmung von Welpen"},"content":{"rendered":"<p>Welpen werden bereits mit der ersten Muttermilch mit Wurmlarven infiziert. Daher ist es sehr wichtig, dass die H\u00fcndin (Muttertier) bereits regelm\u00e4\u00dfig entwurmt wurde, um die Wurmlast f\u00fcr die Welpen m\u00f6glichst gering zu halten.<\/p>\n<p>Man sollte sich als Interessent f\u00fcr einen Welpen vom Z\u00fcchter einen Entwurmungsplan zeigen lassen, nach dem Muttertier und Welpen entwurmt wurden. Nur dann besteht eine gro\u00dfe Wahrscheinlichkeit, dass die Welpen nicht zu stark verwurmt sind. Kann der Z\u00fcchter nicht wenigstens 3 Entwurmungen in der S\u00e4ugeperiode der Welpen nachweisen, sind die Welpen nicht vern\u00fcnftig entwurmt worden. Sollten Sie sich trotzdem f\u00fcr einen solchen Welpen entscheiden, sind in den ersten vier Wochen nach Erwerb des Welpen mindestens 2 Entwurmungen im Abstand von ca. 14 Tagen durchzuf\u00fchren.\u00a0Die n\u00e4chste\u00a0Entwurmung muss nach weiteren 4 Wochen erfolgen. Anschlie\u00dfend ist\u00a0die Kontrolle einer Kotprobe auf Wurmeier zu empfehlen. F\u00e4llt diese negativ aus, k\u00f6nnen weitere Entwurmungen im Abstand von 3 Monaten vorgenommen werden.<\/p>\n<p>Werfen Sie auch immer mal einen intensiven Blick auf die Hinterlassenschaften ihres Welpen. Spulw\u00fcrmer werden bei starkem Befall auch schon einmal mit dem Kot ausgeschieden oder sogar erbrochen und sind mit blo\u00dfem Auge zu erkennen. Kleinere W\u00fcrmer wie z. B. Fadenw\u00fcrmer sieht man im Kot nicht\u00a0mit dem blo\u00dfen Auge.<\/p>\n<p>Hier eine Aufnahme von Spulw\u00fcrmern in Welpenkot:<\/p>\n\n\t\t<style type=\"text\/css\">\n\t\t\t#gallery-1 {\n\t\t\t\tmargin: auto;\n\t\t\t}\n\t\t\t#gallery-1 .gallery-item {\n\t\t\t\tfloat: left;\n\t\t\t\tmargin-top: 10px;\n\t\t\t\ttext-align: center;\n\t\t\t\twidth: 100%;\n\t\t\t}\n\t\t\t#gallery-1 img {\n\t\t\t\tborder: 2px solid #cfcfcf;\n\t\t\t}\n\t\t\t#gallery-1 .gallery-caption {\n\t\t\t\tmargin-left: 0;\n\t\t\t}\n\t\t\t\/* see gallery_shortcode() in wp-includes\/media.php *\/\n\t\t<\/style>\n\t\t<div id='gallery-1' class='gallery galleryid-800 gallery-columns-1 gallery-size-responsive-600'><dl class='gallery-item'>\n\t\t\t<dt class='gallery-icon landscape'>\n\t\t\t\t<a href='http:\/\/www.dfjuenemann.de\/tap\/?attachment_id=806'><img width=\"600\" height=\"450\" src=\"http:\/\/www.dfjuenemann.de\/tap\/wp-content\/uploads\/2012\/12\/IMG_1125.jpg\" class=\"attachment-responsive-600 size-responsive-600\" alt=\"Kothaufen mit Spulw\u00fcrmern\" loading=\"lazy\" aria-describedby=\"gallery-1-806\" srcset=\"http:\/\/www.dfjuenemann.de\/tap\/wp-content\/uploads\/2012\/12\/IMG_1125.jpg 3264w, http:\/\/www.dfjuenemann.de\/tap\/wp-content\/uploads\/2012\/12\/IMG_1125-300x225.jpg 300w, http:\/\/www.dfjuenemann.de\/tap\/wp-content\/uploads\/2012\/12\/IMG_1125-1024x768.jpg 1024w\" sizes=\"(max-width: 600px) 100vw, 600px\" \/><\/a>\n\t\t\t<\/dt>\n\t\t\t\t<dd class='wp-caption-text gallery-caption' id='gallery-1-806'>\n\t\t\t\tKothaufen mit Spulw\u00fcrmern\n\t\t\t\t<\/dd><\/dl><br style=\"clear: both\" \/><dl class='gallery-item'>\n\t\t\t<dt class='gallery-icon landscape'>\n\t\t\t\t<a href='http:\/\/www.dfjuenemann.de\/tap\/?attachment_id=807'><img width=\"600\" height=\"310\" src=\"http:\/\/www.dfjuenemann.de\/tap\/wp-content\/uploads\/2012\/12\/WelpenkotSpulw\u00fcrmer.jpg\" class=\"attachment-responsive-600 size-responsive-600\" alt=\"Welpenkot mit Spulw\u00fcrmern\" loading=\"lazy\" aria-describedby=\"gallery-1-807\" srcset=\"http:\/\/www.dfjuenemann.de\/tap\/wp-content\/uploads\/2012\/12\/WelpenkotSpulw\u00fcrmer.jpg 3262w, http:\/\/www.dfjuenemann.de\/tap\/wp-content\/uploads\/2012\/12\/WelpenkotSpulw\u00fcrmer-300x155.jpg 300w, http:\/\/www.dfjuenemann.de\/tap\/wp-content\/uploads\/2012\/12\/WelpenkotSpulw\u00fcrmer-1024x529.jpg 1024w\" sizes=\"(max-width: 600px) 100vw, 600px\" \/><\/a>\n\t\t\t<\/dt>\n\t\t\t\t<dd class='wp-caption-text gallery-caption' id='gallery-1-807'>\n\t\t\t\tWelpenkot mit Spulw\u00fcrmern (rot unterstrichen), zum Vergr\u00f6\u00dfern bitte anklicken\n\t\t\t\t<\/dd><\/dl><br style=\"clear: both\" \/>\n\t\t<\/div>\n\n","protected":false},"excerpt":{"rendered":"<p>Welpen werden bereits mit der ersten Muttermilch mit Wurmlarven infiziert. Daher ist es sehr wichtig, dass die H\u00fcndin (Muttertier) bereits regelm\u00e4\u00dfig entwurmt wurde, um die Wurmlast f\u00fcr die Welpen m\u00f6glichst gering zu halten. Man sollte sich als Interessent f\u00fcr einen<span class=\"ellipsis\">&hellip;<\/span><\/p>\n<div class=\"read-more\"><a href=\"http:\/\/www.dfjuenemann.de\/tap\/?page_id=800\">Weiterlesen \u203a<\/a><\/div>\n<p><!-- end of .read-more --><\/p>\n","protected":false},"author":2,"featured_media":0,"parent":396,"menu_order":2,"comment_status":"closed","ping_status":"closed","template":"","meta":[],"_links":{"self":[{"href":"http:\/\/www.dfjuenemann.de\/tap\/index.php?rest_route=\/wp\/v2\/pages\/800"}],"collection":[{"href":"http:\/\/www.dfjuenemann.de\/tap\/index.php?rest_route=\/wp\/v2\/pages"}],"about":[{"href":"http:\/\/www.dfjuenemann.de\/tap\/index.php?rest_route=\/wp\/v2\/types\/page"}],"author":[{"embeddable":true,"href":"http:\/\/www.dfjuenemann.de\/tap\/index.php?rest_route=\/wp\/v2\/users\/2"}],"replies":[{"embeddable":true,"href":"http:\/\/www.dfjuenemann.de\/tap\/index.php?rest_route=%2Fwp%2Fv2%2Fcomments&post=800"}],"version-history":[{"count":19,"href":"http:\/\/www.dfjuenemann.de\/tap\/index.php?rest_route=\/wp\/v2\/pages\/800\/revisions"}],"predecessor-version":[{"id":1563,"href":"http:\/\/www.dfjuenemann.de\/tap\/index.php?rest_route=\/wp\/v2\/pages\/800\/revisions\/1563"}],"up":[{"embeddable":true,"href":"http:\/\/www.dfjuenemann.de\/tap\/index.php?rest_route=\/wp\/v2\/pages\/396"}],"wp:attachment":[{"href":"http:\/\/www.dfjuenemann.de\/tap\/index.php?rest_route=%2Fwp%2Fv2%2Fmedia&parent=800"}],"curies":[{"name":"wp","href":"https:\/\/api.w.org\/{rel}","templated":true}]}}