{"id":342,"date":"2012-03-25T12:32:25","date_gmt":"2012-03-25T10:32:25","guid":{"rendered":"http:\/\/www.dfjuenemann.de\/tap\/?page_id=342"},"modified":"2013-07-28T14:14:36","modified_gmt":"2013-07-28T12:14:36","slug":"themen","status":"publish","type":"page","link":"http:\/\/www.dfjuenemann.de\/tap\/?page_id=342","title":{"rendered":"VetWiki"},"content":{"rendered":"<p>Zahnpflege: Auf dem Seminar &#8222;Maulh\u00f6hlenerkrankungen bei Hund und Katze&#8220; am 05.05.2012 in Bochum wurde den Seminarteilnehmern mitgeteilt, dass sich durch eine gute Maulh\u00f6hlenhygiene &#8211; also Z\u00e4hneputzen und Gebe von Zahnpflegesticks &#8211; bei Hund und Katze die Lebenserwartung um 1-2 Jahre verl\u00e4ngern lie\u00dfe. Dies ist dadurch bedingt, dass durch eine gute Maulh\u00f6hlenhygiene die Bildung von Zahnbel\u00e4gen verhindert wird. Dies bedingt wiederum weniger Zahnstein, weniger tiefe Zahnfleischtaschen, weniger Parodontitis und damit das Verringern oder gar Verhindern des Eindrigens von Bakterien und Viren \u00fcber den Zahnbereich in den K\u00f6rper, wo diese Keime dnn die inneren Organe befallen und sch\u00e4digen k\u00f6nnen. (siehe auch &#8222;<a title=\"Zahnpflege ist wichtig\" href=\"http:\/\/www.dfjuenemann.de\/tap\/?p=388\" target=\"_blank\">Zahnpflege ist wichtig<\/a>&#8222;)<\/p>\n","protected":false},"excerpt":{"rendered":"<p>Zahnpflege: Auf dem Seminar &#8222;Maulh\u00f6hlenerkrankungen bei Hund und Katze&#8220; am 05.05.2012 in Bochum wurde den Seminarteilnehmern mitgeteilt, dass sich durch eine gute Maulh\u00f6hlenhygiene &#8211; also Z\u00e4hneputzen und Gebe von Zahnpflegesticks &#8211; bei Hund und Katze die Lebenserwartung um 1-2 Jahre<span class=\"ellipsis\">&hellip;<\/span><\/p>\n<div class=\"read-more\"><a href=\"http:\/\/www.dfjuenemann.de\/tap\/?page_id=342\">Weiterlesen \u203a<\/a><\/div>\n<p><!-- end of .read-more --><\/p>\n","protected":false},"author":2,"featured_media":0,"parent":0,"menu_order":3,"comment_status":"open","ping_status":"open","template":"","meta":[],"_links":{"self":[{"href":"http:\/\/www.dfjuenemann.de\/tap\/index.php?rest_route=\/wp\/v2\/pages\/342"}],"collection":[{"href":"http:\/\/www.dfjuenemann.de\/tap\/index.php?rest_route=\/wp\/v2\/pages"}],"about":[{"href":"http:\/\/www.dfjuenemann.de\/tap\/index.php?rest_route=\/wp\/v2\/types\/page"}],"author":[{"embeddable":true,"href":"http:\/\/www.dfjuenemann.de\/tap\/index.php?rest_route=\/wp\/v2\/users\/2"}],"replies":[{"embeddable":true,"href":"http:\/\/www.dfjuenemann.de\/tap\/index.php?rest_route=%2Fwp%2Fv2%2Fcomments&post=342"}],"version-history":[{"count":6,"href":"http:\/\/www.dfjuenemann.de\/tap\/index.php?rest_route=\/wp\/v2\/pages\/342\/revisions"}],"predecessor-version":[{"id":1099,"href":"http:\/\/www.dfjuenemann.de\/tap\/index.php?rest_route=\/wp\/v2\/pages\/342\/revisions\/1099"}],"wp:attachment":[{"href":"http:\/\/www.dfjuenemann.de\/tap\/index.php?rest_route=%2Fwp%2Fv2%2Fmedia&parent=342"}],"curies":[{"name":"wp","href":"https:\/\/api.w.org\/{rel}","templated":true}]}}