{"id":20,"date":"2008-02-03T19:04:09","date_gmt":"2008-02-03T17:04:09","guid":{"rendered":"http:\/\/www.dfjuenemann.de\/tap\/?page_id=20"},"modified":"2013-06-19T11:03:34","modified_gmt":"2013-06-19T09:03:34","slug":"gvp-beratung","status":"publish","type":"page","link":"http:\/\/www.dfjuenemann.de\/tap\/?page_id=20","title":{"rendered":"Die GVP-Beratung"},"content":{"rendered":"<p><strong>\u2026 von der Tierarztpraxis\u00a0f\u00fcr\u00a0die Tierarztpraxis\/-klinik<\/strong><\/p>\n<p>&nbsp;<\/p>\n<p><strong><em>Leben ist Ver\u00e4nderung &#8211; ein st\u00e4ndiger Prozess<\/em><\/strong><strong><em>!<\/em><\/strong><\/p>\n<p><em>Das bemerkt man beispielsweise an Kindern. Sie werden nicht nur gr\u00f6\u00dfer, ihre Interessen \u00e4ndern sich immer wieder neu!<\/em><\/p>\n<p><em>Auch im tier\u00e4rztlichen Alltag ver\u00e4ndert sich manches. Anderes wie die Zielsetzung der Praxis bleibt.<\/em><\/p>\n<p>&nbsp;<\/p>\n<p>Als Lekt\u00fcre empfehle ich Interessierten<strong> &#8222;Die M\u00e4use-Strategie f\u00fcr Manager\u00a0 &#8211;\u00a0 Ver\u00e4nderungen erfolgreich begegnen&#8220;<\/strong> von Spencer Johnson. Dies ist eine leichte, humorvolle und doch tiefsinnige Geschichte \u00fcber pl\u00f6tzlich auftretende Ver\u00e4nderungen und wie man ihnen begegnet. Ver\u00e4nderungen sind nicht als Schicksal hinzunehmen, sondern als Chance auch zum eigenen Vorteil\u00a0aktiv zu nutzen.<\/p>\n<p>&nbsp;<\/p>\n<p><strong><em>GVP ist &#8230;<\/em><\/strong><\/p>\n<p><strong><em>&#8230; gute Praxisorganisation<\/em><\/strong><\/p>\n<p><strong><em>&#8230; motivierte Mitarbeiter\/Innen<\/em><\/strong><\/p>\n<p><strong><em>&#8230; guter Kundenservice<\/em><\/strong><\/p>\n<p><strong><em>&#8230; der rote Faden f\u00fcr die Tierarztpraxis<\/em><\/strong><\/p>\n<p><strong><em> <span style=\"text-decoration: underline;\">insgesamt Hilfe zur &#8222;Selbsthilfe&#8220;<\/span><\/em><\/strong><\/p>\n<p>&nbsp;<\/p>\n<p>Als <strong>Fachkraft f\u00fcr Qualit\u00e4tsmanagement <\/strong>biete ich seit 2005 f\u00fcr tier\u00e4rztliche Praxen Unterst\u00fctzung bei der Einf\u00fchrung von Qualit\u00e4tsmanagement an, speziell gvp.<\/p>\n<p>Im Unterschied zu anderen gvp-Beratungen liefere ich Ihnen ein f\u00fcr Sie individuell zugeschnittenes gvp-Grundger\u00fcst, egal ob Kleintier-, Gemischt- oder Gro\u00dftierpraxis.<\/p>\n<p>Ich habe als Au\u00dfenstehende einen unabh\u00e4ngigen und unvoreingenommenen Blickwinkel bei der Vorbereitung ihrer Zertifizierung.<\/p>\n<p>Wenn ich Sie neugierig gemacht habe, klicken Sie bitte <a title=\"zur gvp-Beratungs-Homepage\" href=\"http:\/\/www.sjconsult.de\/\">hier<\/a>.<\/p>\n","protected":false},"excerpt":{"rendered":"<p>\u2026 von der Tierarztpraxis\u00a0f\u00fcr\u00a0die Tierarztpraxis\/-klinik &nbsp; Leben ist Ver\u00e4nderung &#8211; ein st\u00e4ndiger Prozess! Das bemerkt man beispielsweise an Kindern. Sie werden nicht nur gr\u00f6\u00dfer, ihre Interessen \u00e4ndern sich immer wieder neu! Auch im tier\u00e4rztlichen Alltag ver\u00e4ndert sich manches. Anderes wie<span class=\"ellipsis\">&hellip;<\/span><\/p>\n<div class=\"read-more\"><a href=\"http:\/\/www.dfjuenemann.de\/tap\/?page_id=20\">Weiterlesen \u203a<\/a><\/div>\n<p><!-- end of .read-more --><\/p>\n","protected":false},"author":2,"featured_media":0,"parent":0,"menu_order":2,"comment_status":"closed","ping_status":"closed","template":"","meta":[],"_links":{"self":[{"href":"http:\/\/www.dfjuenemann.de\/tap\/index.php?rest_route=\/wp\/v2\/pages\/20"}],"collection":[{"href":"http:\/\/www.dfjuenemann.de\/tap\/index.php?rest_route=\/wp\/v2\/pages"}],"about":[{"href":"http:\/\/www.dfjuenemann.de\/tap\/index.php?rest_route=\/wp\/v2\/types\/page"}],"author":[{"embeddable":true,"href":"http:\/\/www.dfjuenemann.de\/tap\/index.php?rest_route=\/wp\/v2\/users\/2"}],"replies":[{"embeddable":true,"href":"http:\/\/www.dfjuenemann.de\/tap\/index.php?rest_route=%2Fwp%2Fv2%2Fcomments&post=20"}],"version-history":[{"count":34,"href":"http:\/\/www.dfjuenemann.de\/tap\/index.php?rest_route=\/wp\/v2\/pages\/20\/revisions"}],"predecessor-version":[{"id":1024,"href":"http:\/\/www.dfjuenemann.de\/tap\/index.php?rest_route=\/wp\/v2\/pages\/20\/revisions\/1024"}],"wp:attachment":[{"href":"http:\/\/www.dfjuenemann.de\/tap\/index.php?rest_route=%2Fwp%2Fv2%2Fmedia&parent=20"}],"curies":[{"name":"wp","href":"https:\/\/api.w.org\/{rel}","templated":true}]}}